et f be x(35). Suppose f*p + 1 = -56. Let n(i) = 4*i + 1. What is n(p)?
-11
Let w be (-2)/(-20) - 6/60*-39. Let h(c) = -w*c - 44124*c**2 + 44129*c**2 + 3*c - c**3 + 1. Determine h(4).
13
Let g = 19257 + -19248. Let a(h) = 3*h - 25. What is a(g)?
2
Let z = 107 - 111. Let r be 11*(z - (-8 + 3)). Suppose r*m = 8*m - 15. Let v(p) = p**3 + 5*p**2 - 2*p - 4. Give v(m).
6
Suppose 0 = -116*u + 117*u - 3. Let i(k) = -7*k - 2*k + 2*k**2 - k - 3*k**2 + 2*k - u. Calculate i(-8).
-3
Let d(j) = -j**3 + j**2 - j + 2. Let w(f) = 2*f**2 - f - 3. Let s = -106 - -107. Let q be w(s). What is d(q)?
16
Suppose -44 = -16*r - 12. Let w(u) = -46*u**2 - 6 + 3*u - 2 + 45*u**r + 3. Calculate w(5).
-15
Let j(z) = -2 + z**3 - 4*z - 17*z**2 + 24 + 2*z + 17*z. Determine j(16).
6
Let r(n) = -24*n**2 + 7*n - 4. Let v be ((-54)/(-24))/((-153)/(-136)). Give r(v).
-86
Let v(y) = -182 - 37 + 299736*y - 299763*y. What is v(-8)?
-3
Let u(k) = -k**2 + 25*k + 72. Let x(f) = -4*f**3 - 122*f**2 - 57*f + 118. Let j be x(-30). Give u(j).
-12
Let o(k) = -11*k**2 + 52*k - 15. Let q be o(7). Let u = -178 - q. Let m(v) = -v - 10. What is m(u)?
-22
Suppose 8*t = -0*t + 16. Let c(p) = -13*p**2 + 7*p**t + p - 1 + 0. What is c(1)?
-6
Let w = -11 + 4. Let c(u) = 2*u**2 + 66*u + 126. Let m be c(-31). Let d(v) = -3*v**2 + 7*v + 9 - m + 4*v**2 - 6 + 1. Determine d(w).
2
Let i(c) be the first derivative of -c**5/20 + 4*c**4/3 + 3*c**3 - 23*c**2/2 - 27*c + 74. Let a(o) be the first derivative of i(o). Give a(17).
-6
Let i(z) = 3*z**2 - 5*z. Let s = 1037 + -1397. Let x = -356 - s. Determine i(x).
28
Let u(t) = -4*t - 3. Let g(a) = -10*a + 126. Let c be g(12). Suppose 4*s + 28 = 2*w + 2*w, 0 = 3*w + 2*s - c. Give u(w).
-19
Let n(r) = r + 18. Suppose 5*o - 138 = c, 7*c + 20 = o + 3*c. Suppose -229 = 40*w + 91. Let b be 7/o - (1 + (-90)/w). Determine n(b).
6
Let g(r) be the second derivative of -r**4/8 - 2*r**3/3 - 277*r**2/2 - 18*r + 4. Let m(p) be the first derivative of g(p). Give m(-4).
8
Let z(n) be the second derivative of 5/4*n**4 + 0*n**2 + 3/40*n**5 - 36*n - 1/3*n**3 - 1/720*n**6 + 0. Let j(q) be the third derivative of z(q). Calculate j(8).
1
Let t(g) = -2*g**2 - 24*g - 6. Suppose -446 + 206 = 20*z. What is t(z)?
-6
Suppose -5*k - g = 66, -5*g + 48 = -42*k + 40*k. Let d(v) = -2*v**3 - 28*v**2 - 3*v - 10. What is d(k)?
32
Let i(c) = -2656*c + 5306*c - 2651*c + 7 - 3*c**2 + 4*c**2. What is i(6)?
37
Let a(j) = -2532 + 1220 - 2*j + j + 1278. Give a(-10).
-24
Let a(c) = -62*c**2 - 19 + 2*c**3 + 67*c**2 - 10*c - c**3. Let s be a(-6). Let g(u) = 1 + u**3 - 2 + 5 - 2*u + s*u**2. Calculate g(-5).
14
Let a be 49/(-17) - 66/561. Let p = 13 + -13. Let d(y) = y**3 + 3*y**2 - 9 + 8 + p*y**3. Calculate d(a).
-1
Let s(y) = 28*y + 1. Let n = -3701 + 3699. What is s(n)?
-55
Let w(k) = k**2 + 6*k + 12. Let m be w(-8). Let d = m + -16. Let t(x) = 2*x**2 - 7*x**2 + d*x**2. What is t(-1)?
7
Let a(r) = -6*r + 1. Suppose -10*j = -5*j + k - 32, 0 = -2*k + 4. Suppose -4*g + 10 = j. What is a(g)?
-5
Suppose 0 = -5*l - g + 6*g + 40, -14*l = 5*g - 74. Let t(v) = v**2 - v - 30. Give t(l).
0
Let z(p) = 29*p - 6. Let h(x) = -45*x + 9. Let s(j) = -5*h(j) - 8*z(j). Suppose -3*r = 0, 6*r - r + 2 = 2*d. Let w be s(d). Let g(q) = -2*q - 3. Calculate g(w).
5
Let z(q) = -20*q + 11. Let u(n) = -21*n - 17. Let l(o) = -3*u(o) + 2*z(o). Give l(-3).
4
Let x(v) = -166*v + 8. Let p(r) = -42*r + 3. Let m(k) = -4*p(k) + x(k). Let s = 0 + 0. Determine m(s).
-4
Let w(q) be the third derivative of 3*q**4/4 + 2*q**2. Let p be (16/8 - 1) + -2. Determine w(p).
-18
Let f(t) = -t**2 - 37*t - 216. Let v be f(-7). Let w(y) = -3*y + 23*y - 16*y + 10. Calculate w(v).
-14
Let d be ((-204)/9)/1*-9. Suppose -7346 = 2*q - 7348. Let v(n) = 206*n + 0*n**2 - d*n + n**2 - q. Determine v(-5).
14
Let d(j) be the second derivative of -11*j + 4*j**2 + 5 + 1/6*j**3. Give d(6).
14
Let j be (-168)/(-63)*((-88)/16 - -7). Let h(g) be the first derivative of -36 - j*g + 1/4*g**4 - 3/2*g**2 + g**3. What is h(-3)?
5
Let k(c) = -c - 2. Let a be (-4 - -5) + 2 - -4 - 13. What is k(a)?
4
Let h(b) be the first derivative of -5*b**2 + 5*b - 918. Calculate h(-8).
85
Let x(s) = -28*s**2 - 13*s**2 + 72*s**2 - 16*s**2 - 16*s**2 - 15. Suppose 5*d - 2*d = 0. What is x(d)?
-15
Let n(m) be the first derivative of m**3/3 + 7*m**2/2 - 4*m + 51. Suppose 3*g - 4*g - 10 = 2*d, 5*d + 45 = -5*g. Give n(g).
4
Let z(d) = -23 + 7*d**2 - 3*d**2 - 7*d**2 + 27 - 2*d + d. What is z(2)?
-10
Let h be 11/4*((20 - 9) + -21 - -2). Let p(c) = c + 17. Give p(h).
-5
Let f(a) be the second derivative of -a**6/360 + 13*a**5/120 - 11*a**4/24 + 55*a**3/3 - 27*a. Let t(b) be the second derivative of f(b). Calculate t(12).
1
Let l(n) = 960*n - 10563. Let s be l(11). Let m(i) be the first derivative of -i**2/2 - 3*i + 1. Calculate m(s).
0
Let y(b) = -b**3 + 5*b**2 - 5*b - 1. Let i = -27 - 44. Let n(m) = 22*m**2 - 118*m - 9. Let c be n(6). Let v = i + c. Determine y(v).
-5
Suppose -4*b + s = 41, 16 = b + 3*s + 2*s. Let w(f) be the first derivative of -f**3/3 - 9*f**2/2 - 4*f - 2271. What is w(b)?
-4
Let l(z) = 3*z - 18. Let m(i) = i**3 - 7*i**2 + 6*i - 5. Let p be m(4). Let v = p + 46. Let d(f) = -f + 6. Let s(g) = v*d(g) + 6*l(g). What is s(5)?
-1
Suppose 0 = -19*s + 4 + 34. Let q(g) = 21 + g + 6*g**2 - s*g + 22 - 44. Determine q(2).
21
Let z(y) = 6*y + 16. Let o(v) = -v - 3. Let b(g) = 22*o(g) + 4*z(g). Let t be b(4). Let a(c) = 5*c**2 + 5*c - 147 - c + 153 - c**3. Calculate a(t).
-6
Let x(t) = -5*t + 16*t + 2*t - 9 - 4*t - 5*t. Determine x(0).
-9
Let i(d) = -d**2 - 8*d - 1. Suppose -3*t + 82 = -2*n + n, 0 = 5*n + 5. Suppose 4*w + 3*j - 167 = t, w - 49 = -j. Suppose 0 = 7*s + w + 2. Calculate i(s).
6
Let m(b) = 6*b**3 - 2*b**2 - 7*b - 22. Let g(a) = -7*a**3 + 3*a**2 + 6*a + 21. Let j(h) = 5*g(h) + 6*m(h). Calculate j(-5).
-17
Let h be ((-1)/(2/(-4)))/((-3)/(-24)). Let l(f) = 30 - 11 - h - 4*f. Let c(o) = 2*o**2 + o. Let z be c(1). Give l(z).
-9
Let c be 3 + 1 - (364/(-14))/(-13). Let l(i) = -3*i**3 + i**2 + 4*i - 4. What is l(c)?
-16
Suppose 0 = -5*c, 6 = -5*z + 4*c + 16. Let r(i) = 6*i**3 + 15228*i**2 + 2 - 30417*i**2 + 15185*i**2 + 2*i. Determine r(z).
38
Let p(l) = -2*l + 13. Let h be (-990)/20*(1 - 3). Let x = 108 - h. What is p(x)?
-5
Let p(v) = -49*v - 245. Let d be p(-9). Let k = 201 - d. Let j(x) = x**2 - 6*x. Give j(k).
-5
Let j(a) be the third derivative of a**5/60 - 7*a**4/24 - a**3/2 + a**2 - 493*a. Suppose 0 = -2*l - l + 21. Give j(l).
-3
Suppose 9*u = 16*u - 42. Suppose 2*l - 32 = -u*l. Let q(o) = 9*o - l*o - 6*o + 4. What is q(-4)?
8
Let v be ((-15)/12)/(2/(-8)). Let d(y) = -3*y + v*y**2 + 4 - 4*y**3 + 2*y**3 + y**3. Let m be (-13)/((-156)/48)*1. Calculate d(m).
8
Let c = 72 - 68. Let s(m) = 63 - 15*m - 71 + c*m - m**2. What is s(-9)?
10
Let v(d) = -18 - 170*d + 98*d + 70*d. Suppose 4*c - 47 = -75. Give v(c).
-4
Let i(z) = -z**2 + 11*z - 23. Let r be (-2)/(-10)*2*3*(-50)/(-30). Calculate i(r).
-5
Let r(b) = b - 17. Suppose -5*s + 61 = 2*w, 3*s = -5*w + 6*s + 75. Let t be (-4)/w + (-4818)/(-297). Calculate r(t).
-1
Let d(r) = -62*r + 55*r + 12*r**2 + r**3 - 5*r + 15. Give d(-13).
2
Let i(w) be the second derivative of 89*w - 1/3*w**3 + 1/2*w**2 + 0. Calculate i(0).
1
Let w(m) = 59*m**3 - 7*m**2 - 9*m + 6. Let g(b) = 79*b**3 - 7*b**2 - 10*b + 7. Let f(a) = -3*g(a) + 4*w(a). Suppose 5*i = -17 - 13. What is f(i)?
3
Let f(n) = 12*n + 7 + 4*n - 10*n + 4*n - 5*n. What is f(-1)?
2
Suppose -7*w = -17*w - 10. Let y be w/(-4) - 150/(-40). Let s = 1 - y. Let t(f) = -f**2 + f - 4. Calculate t(s).
-16
Let p(t) = 9*t + 324. Let a be p(-36). Let f(i) = 12 - 3 + a - 6*i. Determine f(2).
-3
Suppose -818 = 125*m + 807. Let g(v) = -4*v - 46. Determine g(m).
6
Let r(f) = f**2 - 4*f - 3. Let m(j) = -3*j**3 + 4*j**2 + 7*j + 3. Let l be m(-3). Let s = -92 + l. Give r(s).
18
Let c be (6/(-8))/((-5)/(-120)*-1). Let v(k) = 4*k - 61. Determine v(c).
11
Let f(t) = 4*t**2 + 42*t + 42. Let m(u) = 5*u**2 + 41*u + 41. Let i(n) = -3*f(n) + 2*m(n). Let v be i(-21). Let c(b) = -2*b**3 - 4*b**2 - 2*b. Calculate c(v).
4
Suppose 4*i - 2*j + 84 = 0, -22*i - 270 = -12*i + 5*j. Let a(q) = q**3 + 23*q**2 - 24*q - 17. Determine a(i).
-17
Let h(q) = -q**3 + 3*q**2 + 5*q - 10. Let m be -20*(-6)/15 - (5 + -2). Suppose -m*n = 14 - 34. Calculat